e 15) to base 3.
-2220000
What is -6314 (base 12) in base 9?
-15747
Convert 30540 (base 9) to base 3.
1000121100
-17b5 (base 15) to base 10
-5120
What is 47b (base 14) in base 2?
1101111101
What is -661 (base 10) in base 14?
-353
What is -3378 (base 10) in base 12?
-1b56
What is -11c (base 16) in base 8?
-434
-3437 (base 8) to base 3
-2111112
What is 130232 (base 4) in base 6?
12302
Convert -65 (base 8) to base 7.
-104
Convert 6001 (base 7) to base 6.
13311
What is 5493 (base 13) in base 8?
27005
18161 (base 11) to base 13
b79a
What is -1021 (base 9) in base 5?
-10443
What is -405 (base 12) in base 3?
-210112
Convert 22323 (base 6) to base 8.
6113
Convert -113440 (base 6) to base 2.
-10011010100000
7237 (base 10) to base 8
16105
Convert -10 (base 12) to base 16.
-c
Convert -30001 (base 4) to base 7.
-2146
2b5 (base 15) to base 6
2512
Convert 323032 (base 6) to base 13.
c143
65124 (base 7) to base 14
5c84
Convert 523423 (base 6) to base 8.
122447
-11505 (base 7) to base 4
-232302
11011010111111 (base 2) to base 13
64c1
-1122021122 (base 3) to base 6
-405242
1576 (base 12) to base 11
19a8
What is 26943 (base 12) in base 9?
80856
What is 114114 (base 5) in base 3?
12212200
9923 (base 15) to base 3
1122111020
What is -2234 (base 6) in base 7?
-1351
What is -11cc (base 14) in base 8?
-6060
-1784 (base 9) to base 12
-964
Convert -1234001 (base 5) to base 2.
-101111010111011
Convert -51543 (base 8) to base 16.
-5363
What is 22e (base 16) in base 7?
1425
What is 1543 (base 9) in base 10?
1173
What is -5353 (base 8) in base 6?
-20535
14c (base 16) to base 11
282
Convert 958 (base 11) to base 2.
10010000000
-1289 (base 13) to base 12
-1648
3681 (base 10) to base 6
25013
What is 1001101111001 (base 2) in base 8?
11571
-230 (base 5) to base 3
-2102
What is -33011 (base 5) in base 7?
-6402
What is -799 (base 12) in base 13?
-687
What is -2130311 (base 4) in base 14?
-392d
Convert 7345 (base 15) to base 13.
b123
Convert 52661 (base 9) to base 14.
c980
Convert -2106 (base 10) to base 5.
-31411
What is -345 (base 10) in base 2?
-101011001
Convert 2332 (base 8) to base 3.
1201000
Convert 111011111111 (base 2) to base 16.
eff
Convert 45846 (base 9) to base 12.
15843
Convert -11143 (base 11) to base 5.
-1004030
What is 73d (base 15) in base 7?
4522
Convert 706 (base 11) to base 14.
44d
What is 2027 (base 8) in base 6?
4503
Convert 13086 (base 14) to base 9.
71132
What is 4a0d (base 15) in base 3?
210121211
What is 12323 (base 4) in base 9?
542
Convert 5760 (base 15) to base 3.
221102200
Convert -2015 (base 10) to base 8.
-3737
Convert -13b59 (base 12) to base 6.
-331353
What is -20c (base 14) in base 11?
-338
What is -d37 (base 16) in base 6?
-23355
-210102 (base 3) to base 13
-356
-153016 (base 8) to base 14
-15d82
Convert 12120 (base 5) to base 4.
32032
Convert 100010111000001 (base 2) to base 11.
12464
5963 (base 11) to base 8
17205
What is 1040 (base 5) in base 15?
9a
What is -21232313 (base 4) in base 14?
-10755
26557 (base 9) to base 11
12541
Convert -34655 (base 10) to base 11.
-24045
What is -35100 (base 10) in base 8?
-104434
151 (base 10) to base 2
10010111
What is 212220 (base 3) in base 6?
2553
Convert 2102322 (base 5) to base 15.
a442
What is -6525 (base 8) in base 10?
-3413
-10365 (base 7) to base 9
-3503
-1100 (base 2) to base 5
-22
What is -528 (base 9) in base 8?
-657
Convert -110201202 (base 3) to base 2.
-10010001000001
What is 5c9 (base 15) in base 4?
110202
What is 13314 (base 5) in base 6?
5004
1215 (base 8) to base 7
1622
1133203 (base 4) to base 13
2a25
1431 (base 6) to base 11
315
What is -3a4a (base 11) in base 13?
-2515
What is -4ac (base 16) in base 3?
-1122022
10133231 (base 4) to base 15
56c8
What is -130674 (base 9) in base 12?
-39a71
Convert -543 (base 7) to base 13.
-183
Convert 797 (base 12) to base 3.
1112121
Convert 220 (base 12) to base 8.
470
-12581 (base 14) to base 4
-22333011
22a2 (base 14) to base 13
2983
Convert -10000000110 (base 2) to base 7.
-3001
What is -22220 (base 5) in base 2?
-11000011000
-4102 (base 7) to base 8
-2617
483 (base 11) to base 2
1000111111
Convert -5465 (base 7) to base 4.
-132212
What is 1100000121 (base 3) in base 14?
97da
What is 11000101010001 (base 2) in base 9?
18277
5923 (base 10) to base 16
1723
1907 (base 11) to base 5
34202
Convert -2341 (base 7) to base 14.
-458
Convert -1489 (base 15) to base 6.
-32220
What is 11129 (base 10) in base 4?
2231321
What is -112510 (base 6) in base 9?
-14256
Convert -532352 (base 6) to base 2.
-1010100101001100
-437b (base 13) to base 14
-35d3
260 (base 7) to base 16
8c
Convert -3440 (base 6) to base 3.
-1010020
-639 (base 10) to base 9
-780
Convert -3024340 (base 5) to base 7.
-262020
Convert -1447 (base 13) to base 2.
-101101110100
What is 164253 (base 7) in base 10?
32721
-10048 (base 13) to base 16
-6fcd
-496a (base 14) to base 10
-12834
What is -5140 (base 10) in base 14?
-1c32
12355 (base 6) to base 13
b0c
-1000100001010110 (base 2) to base 8
-104126
What is -56941 (base 10) in base 12?
-28b51
What is 1600 (base 7) in base 2?
1001111101
-10241 (base 5) to base 11
-583
Convert 1110111002 (base 3) to base 9.
43432
-21200 (base 3) to base 6
-543
What is -623 (base 12) in base 2?
-1101111011
722 (base 12) to base 5
13114
What is -1326 (base 7) in base 15?
-240
Convert 24 (base 15) to base 5.
114
Convert -45607 (base 8) to base 3.
-222112010
Convert -333122 (base 5) to base 14.
-4370
-1a874 (base 11) to base 8
-70510
Convert -8a (base 12) to base 16.
-6a
Convert -205054 (base 8) to base 10.
-68140
What is ad8 (base 15) in base 8?
4625
34556 (base 9) to base 8
55017
299 (base 11) to base 5
2400
Convert -11011101 (base 2) to base 7.
-434
What is -237b (base 15) in base 4?
-1311311
What is -4a (base 16) in base 10?
-74
What is -11011011001 (base 2) in base 6?
-12041
-c15 (base 13) to base 7
-5652
What is 40a6 (base 12) in base 11?
5319
-923 (base 14) to base 3
-2110111
What is 1866 (base 9) in base 6?
10353
186 (base 10) to base 13
114
What is 11e (base 15) in base 12?
192
Convert -1030011 (base 5) to base 11.
-12175
17193 (base 10) to base 11
11a10
-22477 (base 11) to base 3
-1122121011
Convert 202 (base 10) to base 3.
21111
1a53 (base 12) to base 7
12264
6260 (base 7) to base 8
4226
2104 (base 7) to base 9
1011
-277d (base 16) to base 7
-41321
21222 (base 4) to base 15
2b3
What is -33230 (base 5) in base 7?
-6515
a07 (base 11) to base 6
5345
What is -11111011011 (base 2) in base 14?
-a39
What is -222022222 (base 3) in base 16?
-4afc
Convert -2541 (base 6) to base 3.
-212121
-15513 (base 7) to base 4
-1010103
-11101000000 (base 2) to base 5
-24411
1505 (base 7) to base 4
21101
What is -1010101 (base 3) in base 4?
-30310
Convert -101222022 (base 3) to base 8.
-17500
284b (base 15) to base 16
21ad
-2922 (base 11) to base 8
-7277
What is dc3 (base 14) in base 3?
10201201
10110011 (base 2) to base 9
218
-30333110 (base 4) to base 8
-147724
23463 (base 7) to base 14
22da
Convert 20244 (base 6) to base 13.
12c1
20254 (base 7) to base 9
6687
-1d4 (base 16) to base 6
-2100
What is -10104 (base 5) in base 9?
-806
-13371 (base 13) to base 15
-a8d6
What is 1444 (base 6) in base 13?
23b
What is 3320201 (base 5) in base 2?
1110000011001111
Convert -11461 (base 8) to base 16.
-1331
-2435 (base 9) to base 3
-2111012
Convert -2a7 (base 16) to base 6.
-3051
23a (base 13) to base 6
1443
Convert 1000110000 (base 2) to base 5.
4220
What is -434253 (base 6) in base 11?
-25022
131333 (base 5) to base 11
3a14
1283b (base 14) to base 9
68403
-20524 (base 10) to base 14
-76a0
Convert -1220120 (base 3) to base 11.
-1056
12f (base 16) to base 14
179
What is -312323 (base 4) in base 12?
-204b
What is 14b4 (base 12) in base 9?
3311
What is -11703 (base 9) in base 4?
-1322310
Convert 76a (base 13) to base 11.
a56
What is -202000 (base 3) in base 8?
-1034
Convert 3221 (base 5) to base 8.
664
What is -3b5 (base 15) in base 9?
-1138
Convert 88b4 (base 15) to base 13.
10255
-560 (base 9) to base 4
-13023
-114b (base 12) to base 6
-12535
14b71 (base 12) to base 9
44184
Convert 350 (base 13) to base 2.
1000111100
Convert -30 (base 7) to base 15.
-16
What is -12212 (base 9) in base 15?
-2662
Convert 605 (base 12) to base 11.
720
240143 (base 5) to base 4
2021132
What is 131105 (base 7) in 